 -2 + 106*2/d.
49
Let r = 254 + -163. Let i = r - 79. Suppose 0*m + 116 = 2*m. Calculate the remainder when m is divided by i.
10
Let m(r) = 247*r - 1575. What is the remainder when m(9) is divided by 50?
48
Suppose -h + 2532 = 3*o - 6003, 0 = -3*h + 5*o + 25717. What is the remainder when h is divided by 80?
79
Let q be ((-1704)/28)/(4/(-28)). Calculate the remainder when 280 is divided by 56/16*q/21.
67
Let x(y) = -3*y**2 + 72*y + 32. Let s be x(24). Suppose s*f + 252 = 39*f. What is the remainder when f is divided by 9?
0
Suppose 205 = 5*u + l + 4*l, 4*l + 16 = 0. Suppose 0 = 3*b - 15 - u. Calculate the remainder when 278 is divided by b.
18
Let p(q) = 4*q + 41. Let n be p(-11). What is the remainder when 55 is divided by (-5 - n) + 18 + -4?
7
Suppose -j - 59 = -3*z + j, 3*z + 2*j = 79. Let o = -8 + z. Suppose -7058 = -831*h + 2083. What is the remainder when o is divided by h?
4
Let p(m) = -1 + 12*m**2 + 9*m - 2*m**3 + 9*m + 14*m - 21*m. What is the remainder when 96/18 + (-2)/6 is divided by p(-1)?
1
Suppose 182*w = 12*w + 5780. What is the remainder when 60 is divided by w?
26
Let r(c) = -16*c - 396. Let k be r(-25). Calculate the remainder when 144 is divided by (-7755)/(-188) - 1/k.
21
Let c(b) = -2*b**2 + 140*b - 1774. Calculate the remainder when c(48) is divided by 20.
18
Suppose -3*p + 3*h = -777, -1834 + 518 = -5*p - 2*h. Suppose 6*a - 114 = 4*a - 5*i, 5*a - p = -i. What is the remainder when 202 is divided by a?
46
Calculate the remainder when (2 + (-444)/18)*-30*3/6 is divided by 85.
0
Suppose 5*i - 690 = w, 5*w = -0*w - 25. Let y = i + -126. Let h = 7 - -14. Calculate the remainder when h is divided by y.
10
Let v = -51 - -133. Suppose -3*m + d = 7, -2*m - 2*m = 3*d - 8. Calculate the remainder when v is divided by m/(1*2/(-42)).
19
Suppose 5*b + 3*q - 18 = 0, -5*b - 14 = -6*b + 2*q. Calculate the remainder when 194 is divided by 2/b - (-492)/36.
12
Let f = -21562 - -22742. What is the remainder when 2367 is divided by f?
7
Suppose -3*f + 4*p = -59, 3*f - 15 - 68 = -2*p. Let c = 1428 + -2019. Let t = c - -663. What is the remainder when t is divided by f?
22
Suppose -83 = -5*k + 2. Suppose 35*p = -p - 144. What is the remainder when 87/2 + p/8 is divided by k?
9
Suppose -6*i + i + 2081 + 569 = 0. What is the remainder when i is divided by 218?
94
Calculate the remainder when 558 is divided by (5/50)/(18/(-108)) - 1156/(-10).
98
Suppose -10*n = -32*n + 17*n + 7845. Calculate the remainder when n is divided by 784.
1
Let p(n) = 21*n**2 - 144*n + 1. Let a be p(7). Suppose 4*h - 4*w = 956, -w = 25 - a. Calculate the remainder when h is divided by 49.
40
Let v(n) = -5 + 954*n**3 - 5*n + 18 - 955*n**3 + 8*n**2. Let d = -138 + 297. Calculate the remainder when d is divided by v(7).
24
Let p be (8/2 + 0)/1. Suppose p*b = -b - 15. What is the remainder when 10 is divided by -1 + 6 + -2 - b?
4
Let o = 48 - 38. Let v(j) = j**3 - 9*j**2 - 8*j + 16. What is the remainder when 2/(-13) + 6475/91 is divided by v(o)?
35
Let p be (-6 + 10 - -42) + 7. Suppose 167 = 3*z - j, -10*z + 9*z + p = j. What is the remainder when 109 is divided by z?
54
Let d = -9 - -26. Suppose -2*g + 19 = -c, -3*c = g - 4*c - 13. What is the remainder when d is divided by g?
5
Suppose -18*y + 46*y - 8092 = 0. What is the remainder when 1743 is divided by y?
9
Let r = 3003 + -1794. What is the remainder when r is divided by 11?
10
Let f be 5/35 + 390/(-35). Calculate the remainder when 131 is divided by f - 570/(-45) - (-85)/3.
11
Let h be (-1*1 + -10)/((-196)/392). Suppose -8*x + h = -170. Calculate the remainder when 141 is divided by x.
21
Suppose 12*a - 17*a = -45. Suppose -a = 5*j + 16. What is the remainder when 10 is divided by 2 + -3 + j/((-5)/4)?
1
Let z be (-2 + 14)/(4 + -2). Let d = z + 4. Suppose -24*p + 402 = -87 + 33. Calculate the remainder when p is divided by d.
9
Suppose -h + 31 - 13 = 0. Let z = 402 - 349. What is the remainder when z is divided by h?
17
Let o be (-18)/(-8)*(-168)/(-63). Suppose 0 = -3*z - 3, -2*z + 10 = -o*n + 7*n. What is the remainder when 46 is divided by n?
10
Suppose u + 0*u = 4*z + 9, -5*u + 5*z + 30 = 0. Suppose -379 = -l - 3*l - u*o, -o - 106 = -l. Calculate the remainder when l is divided by 34.
33
Let i = -20 - -36. Let y(q) = 61*q**2 - 2*q - 1. Let h be y(1). Calculate the remainder when i is divided by (-5 - 19/(-4)) + h/8.
2
Let g = 1565 + -1437. Calculate the remainder when g is divided by 50.
28
Let t = -16 + 54. Suppose -3*z - t + 254 = 0. What is the remainder when z is divided by 20?
12
Calculate the remainder when 1854 + -5 + 18 + -16 is divided by 458.
19
Suppose -4*b - 3*t + 213 = 0, 33*t + 219 = 5*b + 30*t. What is the remainder when 476 is divided by b?
44
Let l = -91 + 55. Let s = -66 + 22. Let y = l - s. What is the remainder when 14 is divided by y?
6
Suppose 64*v = 34*v + 360. Suppose -v = -5*j + 13. Suppose -2*a = -i - 4*a + 12, 0 = 5*i + 2*a - 28. Calculate the remainder when j is divided by i.
1
Let t be (-13130)/(-156) + 10/12. Suppose -5*u + 10*u + t = 5*j, -4*j + 75 = 3*u. Calculate the remainder when 141 is divided by j.
15
Suppose 18 = 2*t - 11*t. Let c(l) = -2*l + 32. Calculate the remainder when 8 - (-3)/(1 + t) is divided by c(14).
1
Let h = -12134 + 12136. Let t(r) be the third derivative of r**6/20 - r**5/30 + 5*r**4/24 - r**3/3 + r**2. What is the remainder when t(h) is divided by 27?
21
Let j = 3897 - 3853. What is the remainder when 82 is divided by j?
38
Let u(g) = g**2 - 9*g + 24. Let h be u(5). Suppose 5 - 57 = -h*j. Suppose -2*n + 42 - 4 = 0. What is the remainder when n is divided by j?
6
Suppose 19 + 23 = 7*j. What is the remainder when (4 - j)/((-3018)/753 - -4) is divided by 14?
13
Let d = 183 + -43. Suppose -k + 103 = -0*k - 4*r, -k + 79 = 2*r. Let o = 123 - k. Calculate the remainder when d is divided by o.
32
What is the remainder when 6 + ((-294)/30 - -2)/((-6)/150) is divided by 39?
6
Let y(p) = -5*p - 50. Let i be y(-17). What is the remainder when (-82)/3*(-9)/6 is divided by (6/((-30)/i))/(-1)?
6
Suppose -16*k - 330 = -22*k. Let b = 60 - k. Suppose 5*u - q = 300, b*u = -q - 48 + 338. Calculate the remainder when u is divided by 30.
29
Let a(z) = 3*z**2 + 6*z - 579. What is the remainder when a(15) is divided by 41?
22
Suppose -2*r - 1 = 4*o + 11, 11 = -r - 3*o. Suppose 5*l - 35 = r*l. Let h = 82 - l. Calculate the remainder when h is divided by 25.
22
Let p(j) = -34*j**3 - 1. Let z(o) = 21*o - 377. Let x be z(37). Let q = x - 383. Calculate the remainder when p(-1) is divided by q.
16
Suppose -3*o - 2*r = -16, 0 = -o + 4*r - 4 - 0. Suppose -h - 67 = -o*l, 5*l + 0*h + 4*h = 68. Calculate the remainder when 157 is divided by l.
13
Let n = 418 + -290. Suppose -3*t - 2*d + 5 = -73, 4*t + d = 104. Calculate the remainder when n is divided by t.
24
Suppose 342 - 75 = -5*n + 2*f, n + 4*f = -49. Let u = n - -56. Suppose -2*j + 55 = u*b, 0*b + b - 21 = 2*j. What is the remainder when 92 is divided by b?
16
What is the remainder when 269 is divided by (15*2)/((-100)/(-50))?
14
Let u(n) = 3*n - 41. Let m be u(-12). What is the remainder when 4 - m - 2/1 is divided by -1 - (-2 + -29 + 3)?
25
Let a(h) = -5*h + 8. Let o be -7 + -2 + 1 + 1. Calculate the remainder when a(o) is divided by 8/(-30)*(-75 - 1680/(-28)).
3
Suppose -109*u + 16*u = -3441. What is the remainder when 471 is divided by u?
27
Let b(v) = -v**3 - 73*v**2 - 137*v + 594. What is the remainder when 1162 is divided by b(-71)?
206
Let t = -146 - -141. Let h = t - -126. What is the remainder when h is divided by 42?
37
Suppose 11*v - 20*v + 36 = 0. Suppose -j + 415 = v*i, 3*j + 4*i - 403 = 826. What is the remainder when j is divided by 68?
67
Let n be 1/2 - 2032/32. Let s = -52 - n. What is the remainder when 163 is divided by s?
9
Suppose -5*d = 5*v - 280, v + 5*d = -322 + 370. Calculate the remainder when 599 is divided by v.
19
Suppose -55*u = -6311 - 11124. Calculate the remainder when u is divided by 124.
69
Let h = -6361 - -6377. Calculate the remainder when 4191 is divided by h.
15
Suppose 1326*p = 1291*p + 1785. Calculate the remainder when 696 is divided by p.
33
What is the remainder when ((-7)/3)/((-10)/24*(-8)/(-140)) is divided by 14?
0
Calculate the remainder when 150 is divided by 4*(-10)/40*-79.
71
Let g =